{"id":207,"date":"2015-03-07T09:45:06","date_gmt":"2015-03-07T13:45:06","guid":{"rendered":"https:\/\/chaucha.gob.ec\/azuay\/?page_id=207"},"modified":"2015-03-07T09:46:50","modified_gmt":"2015-03-07T13:46:50","slug":"gestion","status":"publish","type":"page","link":"https:\/\/chaucha.gob.ec\/azuay\/gestion\/","title":{"rendered":"Gesti\u00f3n"},"content":{"rendered":"<p>&nbsp;<\/p>\n<p>&nbsp;<\/p>\n<p><a href=\"https:\/\/chaucha.gob.ec\/azuay\/wp-content\/uploads\/2015\/03\/gestion01.jpg\"><img loading=\"lazy\" decoding=\"async\" class=\"alignnone wp-image-212 size-medium\" src=\"https:\/\/chaucha.gob.ec\/azuay\/wp-content\/uploads\/2015\/03\/gestion01-300x225.jpg\" alt=\"gestion01\" width=\"300\" height=\"225\" data-id=\"212\" srcset=\"https:\/\/chaucha.gob.ec\/azuay\/wp-content\/uploads\/2015\/03\/gestion01-300x225.jpg 300w, https:\/\/chaucha.gob.ec\/azuay\/wp-content\/uploads\/2015\/03\/gestion01.jpg 640w\" sizes=\"auto, (max-width: 300px) 100vw, 300px\" \/><\/a><a href=\"https:\/\/chaucha.gob.ec\/azuay\/wp-content\/uploads\/2015\/03\/gestion02.jpg\"><img loading=\"lazy\" decoding=\"async\" class=\"alignnone wp-image-208 size-medium\" src=\"https:\/\/chaucha.gob.ec\/azuay\/wp-content\/uploads\/2015\/03\/gestion02-300x225.jpg\" alt=\"gestion02\" width=\"300\" height=\"225\" data-id=\"208\" srcset=\"https:\/\/chaucha.gob.ec\/azuay\/wp-content\/uploads\/2015\/03\/gestion02-300x225.jpg 300w, https:\/\/chaucha.gob.ec\/azuay\/wp-content\/uploads\/2015\/03\/gestion02.jpg 640w\" sizes=\"auto, (max-width: 300px) 100vw, 300px\" \/><\/a> <a href=\"https:\/\/chaucha.gob.ec\/azuay\/wp-content\/uploads\/2015\/03\/gestion03.jpg\"><img loading=\"lazy\" decoding=\"async\" class=\"alignnone  wp-image-209\" src=\"https:\/\/chaucha.gob.ec\/azuay\/wp-content\/uploads\/2015\/03\/gestion03.jpg\" alt=\"gestion03\" width=\"300\" height=\"271\" data-id=\"209\" \/><\/a><a href=\"https:\/\/chaucha.gob.ec\/azuay\/wp-content\/uploads\/2015\/03\/gestion04.jpg\"><img loading=\"lazy\" decoding=\"async\" class=\"alignnone  wp-image-210\" src=\"https:\/\/chaucha.gob.ec\/azuay\/wp-content\/uploads\/2015\/03\/gestion04.jpg\" alt=\"gestion04\" width=\"300\" height=\"263\" data-id=\"210\" \/><\/a> <a href=\"https:\/\/chaucha.gob.ec\/azuay\/wp-content\/uploads\/2015\/03\/gestion05.jpg\"><img loading=\"lazy\" decoding=\"async\" class=\"alignnone  wp-image-211\" src=\"https:\/\/chaucha.gob.ec\/azuay\/wp-content\/uploads\/2015\/03\/gestion05.jpg\" alt=\"gestion05\" width=\"300\" height=\"240\" data-id=\"211\" \/><\/a><\/p>\n<p><strong><em>Apoya el micro emprendimiento:<\/em><\/strong><\/p>\n<ul>\n<li>Grupo de mujeres de San Gabriel participan del curso de panader\u00eda (autogesti\u00f3n)<\/li>\n<li>Grupo de Adultos Mayores y Grupos de Mujeres de San Gabriel y San Antonio durante la inspecci\u00f3n de los espacios para proyecto de piscicultura (autogesti\u00f3n).<\/li>\n<li>Un total de 10 Tachos de basura entregados a las comunidades de San Gabriel, San Antonio, Cedro y Coca.<\/li>\n<\/ul>\n","protected":false},"excerpt":{"rendered":"<p>&nbsp; &nbsp; Apoya el micro emprendimiento: Grupo de mujeres de San Gabriel participan del curso de panader\u00eda (autogesti\u00f3n) Grupo de Adultos Mayores y Grupos de Mujeres de San Gabriel y San Antonio durante la inspecci\u00f3n de los espacios para proyecto de piscicultura (autogesti\u00f3n). Un total de 10 Tachos de basura entregados a las comunidades de [&hellip;]<\/p>\n","protected":false},"author":8,"featured_media":0,"parent":0,"menu_order":0,"comment_status":"closed","ping_status":"closed","template":"","meta":{"footnotes":""},"yst_prominent_words":[],"class_list":["post-207","page","type-page","status-publish","hentry"],"_links":{"self":[{"href":"https:\/\/chaucha.gob.ec\/azuay\/wp-json\/wp\/v2\/pages\/207","targetHints":{"allow":["GET"]}}],"collection":[{"href":"https:\/\/chaucha.gob.ec\/azuay\/wp-json\/wp\/v2\/pages"}],"about":[{"href":"https:\/\/chaucha.gob.ec\/azuay\/wp-json\/wp\/v2\/types\/page"}],"author":[{"embeddable":true,"href":"https:\/\/chaucha.gob.ec\/azuay\/wp-json\/wp\/v2\/users\/8"}],"replies":[{"embeddable":true,"href":"https:\/\/chaucha.gob.ec\/azuay\/wp-json\/wp\/v2\/comments?post=207"}],"version-history":[{"count":4,"href":"https:\/\/chaucha.gob.ec\/azuay\/wp-json\/wp\/v2\/pages\/207\/revisions"}],"predecessor-version":[{"id":3882,"href":"https:\/\/chaucha.gob.ec\/azuay\/wp-json\/wp\/v2\/pages\/207\/revisions\/3882"}],"wp:attachment":[{"href":"https:\/\/chaucha.gob.ec\/azuay\/wp-json\/wp\/v2\/media?parent=207"}],"wp:term":[{"taxonomy":"yst_prominent_words","embeddable":true,"href":"https:\/\/chaucha.gob.ec\/azuay\/wp-json\/wp\/v2\/yst_prominent_words?post=207"}],"curies":[{"name":"wp","href":"https:\/\/api.w.org\/{rel}","templated":true}]}}